{"id":1139,"date":"2020-03-03T15:11:45","date_gmt":"2020-03-03T14:11:45","guid":{"rendered":"https:\/\/wpzoomer.com\/HOMESIMMO2\/?page_id=1139"},"modified":"2020-06-09T16:18:36","modified_gmt":"2020-06-09T15:18:36","slug":"biens-a-vendre","status":"publish","type":"page","link":"https:\/\/wpzoomer.com\/HOMESIMMO2\/biens-a-vendre\/","title":{"rendered":"Biens A Vendre"},"content":{"rendered":"\t\t<div data-elementor-type=\"wp-page\" data-elementor-id=\"1139\" class=\"elementor elementor-1139\" data-elementor-settings=\"[]\">\n\t\t\t<div class=\"elementor-inner\">\n\t\t\t\t<div class=\"elementor-section-wrap\">\n\t\t\t\t\t\t\t<section class=\"elementor-element elementor-element-31b6d5a5 elementor-section-items-top elementor-section-height-min-height elementor-section-boxed elementor-section-height-default elementor-section elementor-top-section\" data-id=\"31b6d5a5\" data-element_type=\"section\" data-settings=\"{&quot;background_background&quot;:&quot;classic&quot;,&quot;shape_divider_bottom&quot;:&quot;opacity-fan&quot;}\">\n\t\t\t\t\t\t\t<div class=\"elementor-background-overlay\"><\/div>\n\t\t\t\t\t\t<div class=\"elementor-shape elementor-shape-bottom\" data-negative=\"false\">\n\t\t\t<svg xmlns=\"http:\/\/www.w3.org\/2000\/svg\" viewBox=\"0 0 283.5 19.6\" preserveAspectRatio=\"none\">\n\t<path class=\"elementor-shape-fill\" style=\"opacity:0.33\" d=\"M0 0L0 18.8 141.8 4.1 283.5 18.8 283.5 0z\"\/>\n\t<path class=\"elementor-shape-fill\" style=\"opacity:0.33\" d=\"M0 0L0 12.6 141.8 4 283.5 12.6 283.5 0z\"\/>\n\t<path class=\"elementor-shape-fill\" style=\"opacity:0.33\" d=\"M0 0L0 6.4 141.8 4 283.5 6.4 283.5 0z\"\/>\n\t<path class=\"elementor-shape-fill\" d=\"M0 0L0 1.2 141.8 4 283.5 1.2 283.5 0z\"\/>\n<\/svg>\t\t<\/div>\n\t\t\t\t\t<div class=\"elementor-container elementor-column-gap-default\">\n\t\t\t\t<div class=\"elementor-row\">\n\t\t\t\t<div class=\"elementor-element elementor-element-623d8c82 elementor-column elementor-col-100 elementor-top-column\" data-id=\"623d8c82\" data-element_type=\"column\">\n\t\t\t<div class=\"elementor-column-wrap  elementor-element-populated\">\n\t\t\t\t\t<div class=\"elementor-widget-wrap\">\n\t\t\t\t<div class=\"elementor-element elementor-element-2c901d48 elementor-widget elementor-widget-heading\" data-id=\"2c901d48\" data-element_type=\"widget\" data-widget_type=\"heading.default\">\n\t\t\t\t<div class=\"elementor-widget-container\">\n\t\t\t<h1 class=\"elementor-heading-title elementor-size-large\">Nos biens en vente<\/h1>\t\t<\/div>\n\t\t\t\t<\/div>\n\t\t\t\t<div class=\"elementor-element elementor-element-2ffcb99e elementor-widget elementor-widget-heading\" data-id=\"2ffcb99e\" data-element_type=\"widget\" data-widget_type=\"heading.default\">\n\t\t\t\t<div class=\"elementor-widget-container\">\n\t\t\t<h2 class=\"elementor-heading-title elementor-size-large\">Homes immobilier<\/h2>\t\t<\/div>\n\t\t\t\t<\/div>\n\t\t\t\t<div class=\"elementor-element elementor-element-5fec3a53 elementor-widget elementor-widget-divider\" data-id=\"5fec3a53\" data-element_type=\"widget\" data-widget_type=\"divider.default\">\n\t\t\t\t<div class=\"elementor-widget-container\">\n\t\t\t\t\t<div class=\"elementor-divider\">\n\t\t\t<span class=\"elementor-divider-separator\">\n\t\t\t\t\t\t<\/span>\n\t\t<\/div>\n\t\t\t\t<\/div>\n\t\t\t\t<\/div>\n\t\t\t\t\t\t<\/div>\n\t\t\t<\/div>\n\t\t<\/div>\n\t\t\t\t\t\t<\/div>\n\t\t\t<\/div>\n\t\t<\/section>\n\t\t\t\t<section class=\"elementor-element elementor-element-b96bd20 elementor-section-boxed elementor-section-height-default elementor-section-height-default elementor-section elementor-top-section\" data-id=\"b96bd20\" data-element_type=\"section\" data-settings=\"{&quot;background_background&quot;:&quot;classic&quot;}\">\n\t\t\t\t\t\t<div class=\"elementor-container elementor-column-gap-default\">\n\t\t\t\t<div class=\"elementor-row\">\n\t\t\t\t<div class=\"elementor-element elementor-element-3bcbfa9 elementor-column elementor-col-100 elementor-top-column\" data-id=\"3bcbfa9\" data-element_type=\"column\">\n\t\t\t<div class=\"elementor-column-wrap  elementor-element-populated\">\n\t\t\t\t\t<div class=\"elementor-widget-wrap\">\n\t\t\t\t<div class=\"elementor-element elementor-element-2844b77 elementor-posts--align-left elementor-grid-2 elementor-grid-tablet-2 elementor-grid-mobile-1 elementor-posts--thumbnail-top elementor-widget elementor-widget-posts\" data-id=\"2844b77\" data-element_type=\"widget\" data-settings=\"{&quot;classic_columns&quot;:&quot;2&quot;,&quot;classic_columns_tablet&quot;:&quot;2&quot;,&quot;classic_columns_mobile&quot;:&quot;1&quot;,&quot;classic_row_gap&quot;:{&quot;unit&quot;:&quot;px&quot;,&quot;size&quot;:35,&quot;sizes&quot;:[]}}\" data-widget_type=\"posts.classic\">\n\t\t\t\t<div class=\"elementor-widget-container\">\n\t\t\t\t\t<div class=\"elementor-posts-container elementor-posts elementor-posts--skin-classic elementor-grid\">\n\t\t\t\t<article class=\"elementor-post elementor-grid-item post-103 immo type-immo status-publish has-post-thumbnail hentry type_immo-en-vente type_immo-terrain\">\n\t\t\t\t<a class=\"elementor-post__thumbnail__link\" href=\"https:\/\/wpzoomer.com\/HOMESIMMO2\/biens-immobiliers\/terrain-pour-la-construction-de-logements\/\">\n\t\t\t<div class=\"elementor-post__thumbnail\"><img width=\"1024\" height=\"768\" src=\"https:\/\/wpzoomer.com\/HOMESIMMO2\/wp-content\/uploads\/2020\/01\/homesimmo3-1024x768.jpg\" class=\"attachment-large size-large\" alt=\"\" loading=\"lazy\" srcset=\"https:\/\/wpzoomer.com\/HOMESIMMO2\/wp-content\/uploads\/2020\/01\/homesimmo3-1024x768.jpg 1024w, https:\/\/wpzoomer.com\/HOMESIMMO2\/wp-content\/uploads\/2020\/01\/homesimmo3-300x225.jpg 300w, https:\/\/wpzoomer.com\/HOMESIMMO2\/wp-content\/uploads\/2020\/01\/homesimmo3-768x576.jpg 768w, https:\/\/wpzoomer.com\/HOMESIMMO2\/wp-content\/uploads\/2020\/01\/homesimmo3.jpg 1100w\" sizes=\"(max-width: 1024px) 100vw, 1024px\" \/><\/div>\n\t\t<\/a>\n\t\t\t\t<div class=\"elementor-post__text\">\n\t\t\t\t<h3 class=\"elementor-post__title\">\n\t\t\t<a href=\"https:\/\/wpzoomer.com\/HOMESIMMO2\/biens-immobiliers\/terrain-pour-la-construction-de-logements\/\">\n\t\t\t\tTERRAIN\t\t\t<\/a>\n\t\t<\/h3>\n\t\t\t\t<div class=\"elementor-post__meta-data\">\n\t\t\t\t\t<span class=\"elementor-post-date\">\n\t\t\t30 janvier 2020\t\t<\/span>\n\t\t\t\t<\/div>\n\t\t\t\t<div class=\"elementor-post__excerpt\">\n\t\t\t<p>appartement F3 avec beaucoup de charme de 62 m\u00b2 au 1er \u00e9tage d&#8217;un petit immeuble en centre ville de l Isle sur la sorgue mais<\/p>\n\t\t<\/div>\n\t\t\t\t\t<a class=\"elementor-post__read-more\" href=\"https:\/\/wpzoomer.com\/HOMESIMMO2\/biens-immobiliers\/terrain-pour-la-construction-de-logements\/\">\n\t\t\t\tPlus d'infos \u00bb\t\t\t<\/a>\n\t\t\t\t<\/div>\n\t\t\t\t<\/article>\n\t\t\t\t<article class=\"elementor-post elementor-grid-item post-101 immo type-immo status-publish has-post-thumbnail hentry type_immo-appartement type_immo-en-vente\">\n\t\t\t\t<a class=\"elementor-post__thumbnail__link\" href=\"https:\/\/wpzoomer.com\/HOMESIMMO2\/biens-immobiliers\/appartement-5-pieces-vue-feerique-mer\/\">\n\t\t\t<div class=\"elementor-post__thumbnail\"><img width=\"1024\" height=\"768\" src=\"https:\/\/wpzoomer.com\/HOMESIMMO2\/wp-content\/uploads\/2020\/01\/homesimmo2.jpg\" class=\"attachment-large size-large\" alt=\"\" loading=\"lazy\" srcset=\"https:\/\/wpzoomer.com\/HOMESIMMO2\/wp-content\/uploads\/2020\/01\/homesimmo2.jpg 1024w, https:\/\/wpzoomer.com\/HOMESIMMO2\/wp-content\/uploads\/2020\/01\/homesimmo2-300x225.jpg 300w, https:\/\/wpzoomer.com\/HOMESIMMO2\/wp-content\/uploads\/2020\/01\/homesimmo2-768x576.jpg 768w\" sizes=\"(max-width: 1024px) 100vw, 1024px\" \/><\/div>\n\t\t<\/a>\n\t\t\t\t<div class=\"elementor-post__text\">\n\t\t\t\t<h3 class=\"elementor-post__title\">\n\t\t\t<a href=\"https:\/\/wpzoomer.com\/HOMESIMMO2\/biens-immobiliers\/appartement-5-pieces-vue-feerique-mer\/\">\n\t\t\t\tAPPARTEMENT 5 PI\u00c8CES, VUE F\u00c9\u00c9RIQUE MER,\t\t\t<\/a>\n\t\t<\/h3>\n\t\t\t\t<div class=\"elementor-post__meta-data\">\n\t\t\t\t\t<span class=\"elementor-post-date\">\n\t\t\t30 janvier 2020\t\t<\/span>\n\t\t\t\t<\/div>\n\t\t\t\t<div class=\"elementor-post__excerpt\">\n\t\t\t<p>En plein c\u0153ur de la Californie, magnifique appartement 5 pi\u00e8ces d\u2019environ 185 m\u00b2 (183 m\u00b2 LC) situ\u00e9 en avant dernier \u00e9tage de l\u2019une des plus<\/p>\n\t\t<\/div>\n\t\t\t\t\t<a class=\"elementor-post__read-more\" href=\"https:\/\/wpzoomer.com\/HOMESIMMO2\/biens-immobiliers\/appartement-5-pieces-vue-feerique-mer\/\">\n\t\t\t\tPlus d'infos \u00bb\t\t\t<\/a>\n\t\t\t\t<\/div>\n\t\t\t\t<\/article>\n\t\t\t\t<article class=\"elementor-post elementor-grid-item post-96 immo type-immo status-publish has-post-thumbnail hentry type_immo-en-vente type_immo-maison\">\n\t\t\t\t<a class=\"elementor-post__thumbnail__link\" href=\"https:\/\/wpzoomer.com\/HOMESIMMO2\/biens-immobiliers\/propriete-dexception-avec-vue-mer-imprenable\/\">\n\t\t\t<div class=\"elementor-post__thumbnail\"><img width=\"1024\" height=\"683\" src=\"https:\/\/wpzoomer.com\/HOMESIMMO2\/wp-content\/uploads\/2020\/01\/14-1527500187-1539352805-1024x683.jpg\" class=\"attachment-large size-large\" alt=\"\" loading=\"lazy\" srcset=\"https:\/\/wpzoomer.com\/HOMESIMMO2\/wp-content\/uploads\/2020\/01\/14-1527500187-1539352805-1024x683.jpg 1024w, https:\/\/wpzoomer.com\/HOMESIMMO2\/wp-content\/uploads\/2020\/01\/14-1527500187-1539352805-300x200.jpg 300w, https:\/\/wpzoomer.com\/HOMESIMMO2\/wp-content\/uploads\/2020\/01\/14-1527500187-1539352805-768x512.jpg 768w, https:\/\/wpzoomer.com\/HOMESIMMO2\/wp-content\/uploads\/2020\/01\/14-1527500187-1539352805-1536x1024.jpg 1536w, https:\/\/wpzoomer.com\/HOMESIMMO2\/wp-content\/uploads\/2020\/01\/14-1527500187-1539352805.jpg 1620w\" sizes=\"(max-width: 1024px) 100vw, 1024px\" \/><\/div>\n\t\t<\/a>\n\t\t\t\t<div class=\"elementor-post__text\">\n\t\t\t\t<h3 class=\"elementor-post__title\">\n\t\t\t<a href=\"https:\/\/wpzoomer.com\/HOMESIMMO2\/biens-immobiliers\/propriete-dexception-avec-vue-mer-imprenable\/\">\n\t\t\t\tPROPRI\u00c9T\u00c9 D\u2019EXCEPTION AVEC VUE MER IMPRENABLE\t\t\t<\/a>\n\t\t<\/h3>\n\t\t\t\t<div class=\"elementor-post__meta-data\">\n\t\t\t\t\t<span class=\"elementor-post-date\">\n\t\t\t30 janvier 2020\t\t<\/span>\n\t\t\t\t<\/div>\n\t\t\t\t<div class=\"elementor-post__excerpt\">\n\t\t\t<p>adresse tr\u00e8s recherch\u00e9e dans une copropri\u00e9t\u00e9 parfaitement entretenue, ce grand appartement profite d&#8217;une superbe vue directement sur la place, avec de beaux volumes et nombreux<\/p>\n\t\t<\/div>\n\t\t\t\t\t<a class=\"elementor-post__read-more\" href=\"https:\/\/wpzoomer.com\/HOMESIMMO2\/biens-immobiliers\/propriete-dexception-avec-vue-mer-imprenable\/\">\n\t\t\t\tPlus d'infos \u00bb\t\t\t<\/a>\n\t\t\t\t<\/div>\n\t\t\t\t<\/article>\n\t\t\t\t<\/div>\n\t\t\t\t<\/div>\n\t\t\t\t<\/div>\n\t\t\t\t\t\t<\/div>\n\t\t\t<\/div>\n\t\t<\/div>\n\t\t\t\t\t\t<\/div>\n\t\t\t<\/div>\n\t\t<\/section>\n\t\t\t\t\t\t<\/div>\n\t\t\t<\/div>\n\t\t<\/div>\n\t\t","protected":false},"excerpt":{"rendered":"<p>Nos biens en vente Homes immobilier<\/p>\n","protected":false},"author":1,"featured_media":0,"parent":0,"menu_order":0,"comment_status":"closed","ping_status":"closed","template":"elementor_header_footer","meta":{"site-sidebar-layout":"no-sidebar","site-content-layout":"page-builder","ast-main-header-display":"","ast-hfb-above-header-display":"","ast-hfb-mobile-header-display":"","site-post-title":"disabled","ast-breadcrumbs-content":"","ast-featured-img":"disabled","footer-sml-layout":"","theme-transparent-header-meta":"default","adv-header-id-meta":"","stick-header-meta":"","header-above-stick-meta":"","header-main-stick-meta":"","header-below-stick-meta":""},"_links":{"self":[{"href":"https:\/\/wpzoomer.com\/HOMESIMMO2\/wp-json\/wp\/v2\/pages\/1139"}],"collection":[{"href":"https:\/\/wpzoomer.com\/HOMESIMMO2\/wp-json\/wp\/v2\/pages"}],"about":[{"href":"https:\/\/wpzoomer.com\/HOMESIMMO2\/wp-json\/wp\/v2\/types\/page"}],"author":[{"embeddable":true,"href":"https:\/\/wpzoomer.com\/HOMESIMMO2\/wp-json\/wp\/v2\/users\/1"}],"replies":[{"embeddable":true,"href":"https:\/\/wpzoomer.com\/HOMESIMMO2\/wp-json\/wp\/v2\/comments?post=1139"}],"version-history":[{"count":21,"href":"https:\/\/wpzoomer.com\/HOMESIMMO2\/wp-json\/wp\/v2\/pages\/1139\/revisions"}],"predecessor-version":[{"id":1507,"href":"https:\/\/wpzoomer.com\/HOMESIMMO2\/wp-json\/wp\/v2\/pages\/1139\/revisions\/1507"}],"wp:attachment":[{"href":"https:\/\/wpzoomer.com\/HOMESIMMO2\/wp-json\/wp\/v2\/media?parent=1139"}],"curies":[{"name":"wp","href":"https:\/\/api.w.org\/{rel}","templated":true}]}}